 -x**2 - 2*x - 2. Let s(d) = d**2 + d + 3. Let v(l) = 3*g(l) + 4*s(l). Suppose 0 = 2*b + 4*j - 2*j - 8, 0 = -5*j. Is v(b) a prime number?
False
Let o(y) be the third derivative of -13*y**6/120 - 5*y**4/24 + y**3/2 + y**2. Let x be o(-5). Suppose 5*t - x = 2*m, -5*t + m + 1656 = 2*m. Is t prime?
True
Let f(k) = 12*k**3 + 7*k**2 - k - 3. Let z be f(-6). Let w = z - -4094. Is w a prime number?
False
Suppose 0*f = -4*g - 3*f - 10, -3*g - 11 = 4*f. Is (g + 95)/(-5 + 7) a composite number?
False
Let p = 5 + -3. Let a be -385 + 6/(-1 - p). Is a/(-5) + (-8)/20 prime?
False
Let i be 1 + -1*3 + 32. Suppose 0 = -c + i + 65. Suppose c + 5 = 4*v. Is v prime?
False
Let m(j) = 5*j - 3. Suppose -y = -x + 4*x - 9, -27 = 2*y - 3*x. Let t = 8 + y. Is m(t) a composite number?
False
Suppose 5*s = -0*g - 4*g + 1952, -946 = -2*g + 5*s. Suppose -a + g = 2*a. Is a a prime number?
False
Suppose -9*w + 10 = -7*w. Suppose -110 = w*i + 5*v - 540, -i - 3*v + 80 = 0. Is i a prime number?
True
Suppose 0 = 4*k + 3*k - 98. Is k a composite number?
True
Let o(v) = -v**3 + 8*v**2 + 17*v - 9. Is o(7) a composite number?
True
Let r(s) = -85*s + 10. Is r(-3) composite?
True
Suppose -c + 390 = -0*c. Suppose 3*w - 416 = -2*q - 123, -2*q + c = 4*w. Is w composite?
False
Suppose 2*q - 46 = 1036. Is q composite?
False
Let v(d) = d**3 - 4*d**2 + 12*d - 2. Is v(11) prime?
True
Suppose -58 = -0*x + x - 2*p, -5*p = -2*x - 114. Let g = x - -115. Is g a composite number?
False
Let i = 2220 + -713. Is i a prime number?
False
Suppose 0 = -0*s - 4*s + 2740. Is s prime?
False
Suppose 12*k - 15*k + 1251 = 0. Is k a composite number?
True
Suppose 0 = -3*g + 2*g + 5. Suppose -g*n - 4*a = -58 - 49, 3*a = -3*n + 66. Let k = n + -9. Is k a prime number?
False
Let h(a) = -36*a + 21. Is h(-10) a prime number?
False
Let m = -93 - -242. Is m a prime number?
True
Let j(b) = 5*b**2 - 2*b. Let t(w) = -5*w**2 + 2*w. Let q(f) = -3*j(f) - 4*t(f). Is q(5) a prime number?
False
Suppose 0 = -6*n + 3*n + 45. Suppose 0 = 5*w - n - 0. Suppose 0 = w*p - 11 - 64. Is p a composite number?
True
Let s(k) = -k**2 + 8*k - 1. Let j(r) = r**3 - 6*r**2 - 7*r + 7. Let n be j(7). Let y be s(n). Is (-24)/(-9)*y/4 prime?
False
Let g = 0 + 6. Let v = g - 4. Suppose 332 = 2*m + v*m. Is m a composite number?
False
Let h = -835 - -1503. Suppose 3*j = j - u + h, -5*j - u = -1673. Is j composite?
True
Let k(h) = -5*h - h**3 + 2*h**2 + h**2 + 2*h**3. Let r be k(-4). Suppose 0*s + r*s = 76. Is s composite?
False
Suppose 5*p - 4*x + 4436 = 0, -3*x + 7*x = -5*p - 4404. Let b(m) = -m**2 - 12*m + 7. Let v be b(-13). Is (-3)/(-2)*p/v a composite number?
True
Suppose 1306 = c - 897. Is c composite?
False
Let m = 445 - 906. Let u = m - -662. Is u composite?
True
Let n = 3 - 3. Suppose n = 5*c + 18 - 3, 0 = 3*g - 4*c - 234. Is g a prime number?
False
Let f = -32 + 20. Let y be f/(-2) - (-5 + 3). Is y/52 - (-1155)/13 a composite number?
False
Suppose 4*w + 17 = 1. Let c(s) = -s**3 - 2*s**2 + 3*s - 1. Is c(w) a prime number?
True
Let w = -35 + 50. Suppose 12 = 3*t - w. Is t a prime number?
False
Suppose j = 4 + 1. Suppose 175 = j*w + 4*u, -2*w - 2*u + 32 + 40 = 0. Is w a composite number?
False
Let g(y) = y**2 - 5*y + 9. Let j(i) = -i**3 + 0*i**2 - i**3 - 2*i**2 - 1. Let t be j(-2). Is g(t) prime?
True
Suppose -10*h + 7927 + 7453 = 0. Is h prime?
False
Let s(g) = -51*g - 8. Is s(-6) prime?
False
Let u(x) be the second derivative of -x**5/20 - 3*x**4/4 + 9*x**2/2 + x. Let w be u(-9). Suppose -3*r + 384 + w = 0. Is r a composite number?
False
Suppose 2536 = 24*j - 16*j. Is j a prime number?
True
Let c(q) = 12*q + 0 - 6 + 4. Is c(5) a prime number?
False
Suppose 3*w = -4*i + 1133, 2*w - 2*i - i - 727 = 0. Is w a composite number?
True
Suppose 4*k = 8*k + 12, 0 = -5*x - 2*k + 8249. Is x composite?
True
Suppose 363 = 2*r + 121. Is r a prime number?
False
Suppose -4*d = 3*u - 4979, 7*u - 4973 = 4*u - d. Is u a composite number?
False
Suppose 5*a - 5*g = -137 + 1447, 0 = a - 4*g - 271. Is a composite?
True
Let h(t) = -6*t - 2. Let v be h(-2). Suppose 3*x - 6 = 0, j + 4*x - v - 48 = 0. Let o = j - 19. Is o prime?
True
Let q(c) = -c**2 - 5*c + 3. Let i be q(-5). Suppose -2*u - i = -3*u. Suppose -u*y + 12 + 255 = 0. Is y a prime number?
True
Is ((-55)/15 + 3)*15153/(-2) composite?
False
Let o be (-8)/12*(-42)/4. Suppose -40 = 2*h - o*h. Let t = 54 - h. Is t a prime number?
False
Let h(c) = 3*c + 9. Let i(y) = -y - 1. Let l(x) = h(x) + 2*i(x). Is l(6) a composite number?
False
Let m be -10 - -7 - 6/1. Is 66/m*(-45)/6 a composite number?
True
Suppose -7*a = -3*a + 940. Let u = -104 - a. Is u prime?
True
Suppose 4*f + 15 = 9*f. Suppose -2*h + 4*d + 14 = 0, 5*h - d = -f*d + 11. Is h prime?
True
Is -1*(-9 - -6) - (0 - 1256) composite?
False
Let o = 3 - 2. Suppose -x + 1 = -o. Is x + (84 - (-1 - 0)) a composite number?
True
Suppose 2*x = d + 10, 0 = -4*x + 4*d + 31 - 3. Suppose -x*s - 63 - 183 = 0. Let t = 137 + s. Is t a composite number?
True
Suppose 0 = 4*h - 7 + 31. Is (2/1)/(h/(-63)) a prime number?
False
Let f(o) = 450*o**3 + o**2. Let w be f(-1). Let i = w + 672. Is i prime?
True
Let p(z) = z**3 - 6*z**2 + 6*z - 1. Let b be p(5). Let o = b + -1. Suppose h - 186 = -h + 2*t, -o*t = -h + 101. Is h composite?
False
Suppose 2*c + 5*w = 333, 4*c - 838 + 132 = -2*w. Let k = -70 + c. Is k a composite number?
False
Let t be (15/(-10))/(3/(-28)). Let v = t - -39. Is v a prime number?
True
Let k(u) = 39*u - 1. Is k(2) composite?
True
Let c = -12 + 261. Is c prime?
False
Suppose 0 = -2*n + 2*q + 4, 3*n - q + 3 = 1. Let g(v) = -149*v - 5. Is g(n) composite?
False
Suppose 2*h = -55 + 317. Is h a composite number?
False
Let b(i) be the second derivative of i**3/3 + 5*i**2/2 + i. Let p be -1 - (2 + 0 - 7). Is b(p) prime?
True
Suppose -1128 = -4*l + 820. Is l composite?
False
Suppose 3*k - l - 771 = 0, -5*k - l + 1415 = 130. Is k a composite number?
False
Suppose -2*m - 5 = 4*f - m, -3*f + 2*m = -10. Suppose 2*j + j + 2*t - 37 = f, -5*t = 5. Let o = j - -2. Is o prime?
False
Suppose -4*r + 4908 = 4*a - 2*a, -5*a + 12298 = -4*r. Is a composite?
True
Let l(t) = 74*t + 19. Is l(6) composite?
False
Let p(r) be the first derivative of 128*r**3/3 + r**2/2 + 1. Is p(1) a composite number?
True
Let l be -3*1/3*-2. Is 21/l + (-2)/(-4) composite?
False
Suppose -4*x - 3*g + 23 = -0*g, 4*g - 14 = -2*x. Suppose -829 - 226 = -x*l. Is l composite?
False
Suppose -338 = -4*u + 2*u. Let v be 135/(3 + -2) + -1. Suppose -2*p + 4*a = -p - u, 3*a - v = -p. Is p a prime number?
True
Let k(m) = -6*m - 1. Let t be k(-1). Suppose -t*u + 0*g + 635 = -3*g, 635 = 5*u - 2*g. Is u composite?
False
Suppose 2*j + 4*c + 29 = -7, 5*j + 75 = -5*c. Let w(v) = 7*v**2 + 10*v - 1. Is w(j) prime?
True
Suppose 20 = 2*d - 6*d. Let z(i) = 11*i**2 - 5*i + 7. Is z(d) composite?
False
Let l = -6 - -2. Let a(q) be the second derivative of q**5/20 + q**4/3 - q**3/3 - q**2/2 + 6*q. Is a(l) composite?
False
Let a(q) = -q**2 + q - 2. Let o be a(0). Is 1/(o - (-19)/9) a composite number?
True
Let v(u) = 4*u - 3. Let o be v(4). Suppose 5*k - o - 2 = 0. Is 647/k - (-12)/(-18) a prime number?
False
Let f be 7 + -5 + (-588)/(-2). Suppose -f = -4*q - 4*u - u, 5*u - 217 = -3*q. Is q a prime number?
True
Let h = 86 + -26. Suppose 3*f + 2*y - h = -0*y, 97 = 4*f - 3*y. Is f composite?
True
Suppose 70 = 4*t - 5*g - 88, 4*g = 5*t - 193. Is t a composite number?
False
Let k(j) = 983*j + 10. Is k(1) prime?
False
Suppose -4*b + 261 = -b. Let l = b - 34. Is l a prime number?
True
Suppose 5*k = 5*b + 1330, 4*b - 2011 = -5*k - 708. Is k a prime number?
True
Let y = 321 - 208. Is y a prime number?
True
Suppose -4*p = p - 25865. Is p a composite number?
True
Let x = 167 + 192. Is x prime?
True
Let z(o) = -192*o. Let s be z(1). Let b = 383 + s. Is b a composite number?
False
Suppose 888 = 5*x - 2047. Is x prime?
True
Let d be 0 - 4 - (-44)/(-1). Let q = 135 + d. Is q composite?
True
Let o(a) = -29*a - 3 - 4 + 3 + 0. Is o(-3) a composite number?
False
Let i(g) be the second derivative of 2*g**5/5 + g**4/12 - g**3 + 3*g**2 + 2*g. Is i(3) a composite number?
True
Suppose -20 = -5*c + 5*x, -c - 4*x = -2*c + 16. Suppose 0 = -c*y + 3*y - 255. Is y prime?
False
Suppose -6*g - 608 = -2*g. Let b = 141 - g. Is b composite?
False
Let h = 11 + -16. Is 2